{"id":954,"date":"2021-04-21T15:32:42","date_gmt":"2021-04-21T13:32:42","guid":{"rendered":"https:\/\/letealetang.bzh\/?page_id=954"},"modified":"2023-06-19T09:03:40","modified_gmt":"2023-06-19T07:03:40","slug":"qui-sommes-nous","status":"publish","type":"page","link":"https:\/\/letealetang.bzh\/?page_id=954","title":{"rendered":"Qui sommes-nous ?"},"content":{"rendered":"\t\t<div data-elementor-type=\"wp-page\" data-elementor-id=\"954\" class=\"elementor elementor-954\" data-elementor-settings=\"[]\">\n\t\t\t\t\t\t\t<div class=\"elementor-section-wrap\">\n\t\t\t\t\t\t\t<section class=\"elementor-section elementor-top-section elementor-element elementor-element-1369cc2b elementor-section-height-min-height elementor-section-boxed ang-section-padding-initial elementor-section-height-default elementor-section-items-middle\" data-id=\"1369cc2b\" data-element_type=\"section\" data-settings=\"{&quot;background_background&quot;:&quot;classic&quot;,&quot;ekit_has_onepagescroll_dot&quot;:&quot;yes&quot;}\">\n\t\t\t\t\t\t\t<div class=\"elementor-background-overlay\"><\/div>\n\t\t\t\t\t\t\t<div class=\"elementor-container elementor-column-gap-no\">\n\t\t\t\t\t<div class=\"elementor-column elementor-col-100 elementor-top-column elementor-element elementor-element-b7eb0b7\" data-id=\"b7eb0b7\" data-element_type=\"column\">\n\t\t\t<div class=\"elementor-widget-wrap\">\n\t\t\t\t\t\t\t\t\t<\/div>\n\t\t<\/div>\n\t\t\t\t\t\t\t<\/div>\n\t\t<\/section>\n\t\t\t\t<section class=\"elementor-section elementor-top-section elementor-element elementor-element-4c1b6b30 elementor-section-boxed ang-section-padding-initial elementor-section-height-default elementor-section-height-default\" data-id=\"4c1b6b30\" data-element_type=\"section\" data-settings=\"{&quot;background_background&quot;:&quot;classic&quot;,&quot;ekit_has_onepagescroll_dot&quot;:&quot;yes&quot;}\">\n\t\t\t\t\t\t<div class=\"elementor-container elementor-column-gap-no\">\n\t\t\t\t\t<div class=\"elementor-column elementor-col-100 elementor-top-column elementor-element elementor-element-3d4f8017\" data-id=\"3d4f8017\" data-element_type=\"column\">\n\t\t\t<div class=\"elementor-widget-wrap elementor-element-populated\">\n\t\t\t\t\t\t\t\t<div class=\"elementor-element elementor-element-6af9ac3d elementor-widget elementor-widget-heading\" data-id=\"6af9ac3d\" data-element_type=\"widget\" data-widget_type=\"heading.default\">\n\t\t\t\t<div class=\"elementor-widget-container\">\n\t\t\t<h2 class=\"elementor-heading-title elementor-size-default\">qui sommes-nous ? <\/h2>\t\t<\/div>\n\t\t\t\t<\/div>\n\t\t\t\t<div class=\"elementor-element elementor-element-70c4c38 elementor-widget elementor-widget-heading\" data-id=\"70c4c38\" data-element_type=\"widget\" data-widget_type=\"heading.default\">\n\t\t\t\t<div class=\"elementor-widget-container\">\n\t\t\t<h2 class=\"elementor-heading-title elementor-size-default\">L \u2019\u00c9t\u00e9 \u00e0 l\u2019\u00c9tang r\u00e9unit des associations et des collectivit\u00e9s qui mettent en commun leurs comp\u00e9tences et leur \u00e9nergie afin de vous proposer un programme d\u2019activit\u00e9s riche et de qualit\u00e9, ouvert \u00e0 tous. <br>L\u2019\u00c9t\u00e9 \u00e0 l\u2019\u00c9tang existe gr\u00e2ce \u00e0 l\u2019implication de Roche aux F\u00e9es Communaut\u00e9, la Ville de Martign\u00e9-Ferchaud, Les Autochtones, Les \u00c9tincelles Aquatiques, Vents de Cirque, Rue des Arts, Cin\u00e9ma Le Stella, Le Semnon Martignolais, L'Arborescence, le Cercle d'histoire du Pays Martignolais, L\u2019Office des Sports du Pays de la Roche aux F\u00e9es, Le Comit\u00e9 des f\u00eates de Martign\u00e9-Ferchaud, Les Mines d'Or, l'association Hirondelle et l'association Le Palet Martignolais.<\/h2>\t\t<\/div>\n\t\t\t\t<\/div>\n\t\t\t\t<div class=\"elementor-element elementor-element-30647c54 elementor-widget elementor-widget-heading\" data-id=\"30647c54\" data-element_type=\"widget\" data-widget_type=\"heading.default\">\n\t\t\t\t<div class=\"elementor-widget-container\">\n\t\t\t<h3 class=\"elementor-heading-title elementor-size-default\"><a href=\"#\">_____________________________________________________________________________________________________________________________________________________________________________________________________________<br><br><br><\/a><\/h3>\t\t<\/div>\n\t\t\t\t<\/div>\n\t\t\t\t\t<\/div>\n\t\t<\/div>\n\t\t\t\t\t\t\t<\/div>\n\t\t<\/section>\n\t\t\t\t<section class=\"elementor-section elementor-top-section elementor-element elementor-element-67939881 elementor-section-boxed ang-section-padding-initial elementor-section-height-default elementor-section-height-default\" data-id=\"67939881\" data-element_type=\"section\" data-settings=\"{&quot;ekit_has_onepagescroll_dot&quot;:&quot;yes&quot;}\">\n\t\t\t\t\t\t<div class=\"elementor-container elementor-column-gap-default\">\n\t\t\t\t\t<div class=\"elementor-column elementor-col-100 elementor-top-column elementor-element elementor-element-3e005f9f\" data-id=\"3e005f9f\" data-element_type=\"column\">\n\t\t\t<div class=\"elementor-widget-wrap\">\n\t\t\t\t\t\t\t\t\t<\/div>\n\t\t<\/div>\n\t\t\t\t\t\t\t<\/div>\n\t\t<\/section>\n\t\t\t\t\t\t<\/div>\n\t\t\t\t\t<\/div>\n\t\t","protected":false},"excerpt":{"rendered":"<p>qui sommes-nous ? L \u2019\u00c9t\u00e9 \u00e0 l\u2019\u00c9tang r\u00e9unit des associations et des collectivit\u00e9s qui mettent en commun leurs comp\u00e9tences et leur \u00e9nergie afin de vous proposer un programme d\u2019activit\u00e9s riche et de qualit\u00e9, ouvert \u00e0 tous. L\u2019\u00c9t\u00e9 \u00e0 l\u2019\u00c9tang existe gr\u00e2ce \u00e0 l\u2019implication de Roche aux F\u00e9es Communaut\u00e9, la Ville de Martign\u00e9-Ferchaud, Les Autochtones, Les [&hellip;]<\/p>\n","protected":false},"author":1,"featured_media":0,"parent":0,"menu_order":0,"comment_status":"closed","ping_status":"closed","template":"elementor_header_footer","meta":{"footnotes":""},"_links":{"self":[{"href":"https:\/\/letealetang.bzh\/index.php?rest_route=\/wp\/v2\/pages\/954"}],"collection":[{"href":"https:\/\/letealetang.bzh\/index.php?rest_route=\/wp\/v2\/pages"}],"about":[{"href":"https:\/\/letealetang.bzh\/index.php?rest_route=\/wp\/v2\/types\/page"}],"author":[{"embeddable":true,"href":"https:\/\/letealetang.bzh\/index.php?rest_route=\/wp\/v2\/users\/1"}],"replies":[{"embeddable":true,"href":"https:\/\/letealetang.bzh\/index.php?rest_route=%2Fwp%2Fv2%2Fcomments&post=954"}],"version-history":[{"count":86,"href":"https:\/\/letealetang.bzh\/index.php?rest_route=\/wp\/v2\/pages\/954\/revisions"}],"predecessor-version":[{"id":6218,"href":"https:\/\/letealetang.bzh\/index.php?rest_route=\/wp\/v2\/pages\/954\/revisions\/6218"}],"wp:attachment":[{"href":"https:\/\/letealetang.bzh\/index.php?rest_route=%2Fwp%2Fv2%2Fmedia&parent=954"}],"curies":[{"name":"wp","href":"https:\/\/api.w.org\/{rel}","templated":true}]}}